e of j**4/4 - 2*j**3/3 - 14*j**2 + 31*j - 6819. What is p(6)?
7
Suppose -2*y - 50 = -5*d, -5*d + 3*y = -4*d + 3. Let s(i) = -78*i - 80*i + 388*i - 75*i + 17 - 78*i - 79*i. What is s(d)?
-7
Let z(m) = m**2 + 2*m - 9. Suppose h + 373 = 377. Suppose 3*x + x + 40 = 5*i, h*x + 16 = -i. What is z(x)?
6
Let g(x) = x + 4. Let w(n) = -51 + 22*n - 45*n + 25*n. Let u be w(27). Let j be ((-1)/(6/10))/((-1)/u). Give g(j).
9
Let p(q) = 12 - 4*q**2 - 11*q - q**3 + 8*q**2 + 5*q**2. Suppose -4*k - 234 = 86. Let c = k + 88. Determine p(c).
-12
Let b(a) be the second derivative of -1/6*a**3 + 0 + 1/20*a**5 - 46*a + 0*a**2 - 1/3*a**4. Let c be 3/(-12) + (-39)/(-12). Give b(c).
-12
Let f(j) = -j**2 + 30*j - 20. Let p = 2444 - 2414. What is f(p)?
-20
Let s(p) = 7*p**3 + p. Let t = -201 + 195. Let n be ((-11)/2 - t)*-2. What is s(n)?
-8
Suppose 4*n - 30 = -3*j, 5*j - 2*n = 15 + 9. Let a be -9*((-5)/j - 15/(-10)). Let y(s) = s**2 + 5*s + 4. Give y(a).
10
Let g(c) be the third derivative of -c**5/10 - 7*c**3/6 + 44*c**2. Let n(p) = -5*p**2 - 6. Let j(k) = 4*g(k) - 5*n(k). Let i be 4/(-1)*3/(-4). Calculate j(i).
11
Let j(h) = -h**3 - 31*h**2 - 29*h + 18. Let u be (-3)/((-1)/(15/(-6)) - 219/730). Calculate j(u).
-12
Let v(l) = -l**2 - 27*l - 93. Suppose 0 = 3*t + 311 - 299. What is v(t)?
-1
Let q(a) = 3*a. Let t be 40/22 - (-1)/(-11)*-2. Suppose -t*v - 2 = -4*h - 14, -v - 14 = 3*h. Calculate q(v).
-6
Let o be 45/(-5) - ((-15)/(-1) + -7 + -11). Let z(g) = -g**3 - 5*g**2 + 8*g + 19. Determine z(o).
7
Let u be (-3 - (-117)/18) + 1/(-2). Let z(v) = -75*v + 68*v - 12*v**2 - 2*v**3 + 5 + v**3 + u*v**2. What is z(-8)?
-3
Let n(c) = -4276 + 2*c**2 - 4300 + 8570 - 4*c. Calculate n(5).
24
Let i(t) = -3*t - 2*t + 7 - 2 - 4. Let r(f) = -97*f**2 - 680*f - 10. Let l be r(-7). Determine i(l).
16
Let s = -2 - -7. Let a(l) = 0*l**3 + 8*l**2 + l**3 + s*l - 9 + l. Let n be 25/11*-3 + (-4)/22. Give a(n).
-2
Let f be 42392/152 - 6/(-57). Suppose 5*h - f = 131. Suppose 0 = 80*s - h*s - 8. Let d(u) = u**2 + 4*u + 1. What is d(s)?
1
Let s be ((-8)/(-6))/(2 + (-25)/15). Suppose 4*w + 3*w + 112 = 0. Let l be w/s - (-12)/4. Let c(z) = -4*z**3 + z. What is c(l)?
3
Let w(n) = -2*n - 2. Let t(p) = -3*p**3 - 15*p**2 + 32*p + 3. Let u be t(3). Let d be (-6)/4*(-78)/u. What is w(d)?
0
Let i(z) = 17 + 7*z + 2*z + 0*z + 1 - 7*z. Give i(-21).
-24
Suppose -80 = -12*i - 8. Let p(s) = s**3 + 17*s**2 + s + 28. Let y be p(-17). Let j(c) = 12*c + i*c - 30*c - 13 + y*c. Calculate j(-9).
-4
Let x be (5 - 2)*55/33. Suppose -w + 28 = 5*m, -5*m = -4*w - 3*m + 2. Let d(n) = 0*n**2 + 7*n - w - 2*n**2 + 4. Calculate d(x).
-14
Let m(f) = -f**3 + 34*f**2 - 4*f + 144. Let w(p) = -6*p - 50. Let x be w(-14). Determine m(x).
8
Let p(i) = 16*i + 176. Let v be p(-11). Let h(c) be the third derivative of 19*c**2 + 1/24*c**4 - 1/120*c**6 + 0 - 1/10*c**5 + v*c**3 + 0*c. Give h(-6).
-6
Let q = -477 + 477. Let i be (q/16)/(-2 + 0). Let j(o) = -o**2 - 11. What is j(i)?
-11
Let b(s) be the second derivative of -s**4/12 - s**3/6 + 2*s**2 + 3043*s. Suppose 2*r - 4*n - 14 = 0, -n - 4*n + 5 = 2*r. Calculate b(r).
-26
Let w be 0 - -82*(-9 - -8). Let s = w + 95. Let b(q) = -q + 1. Determine b(s).
-12
Let z = -425 - -50. Let a be (3 + z/6)*-2. Let t = a - 113. Let c(i) = i**2 - 7*i + 3. Give c(t).
-3
Suppose -4*x - v = 82, 2*v - 3*v + 86 = -4*x. Let i(q) = -q**2 - 18*q + 8. Give i(x).
-55
Let g(b) = 2*b**2 + 45*b - 27. Suppose 4*j = -3*z - 104, 5*j = 21*z - 20*z - 111. Determine g(j).
-4
Let m(l) = 2742*l - 2 - 5480*l + 2739*l. Give m(3).
1
Let t(x) = -33*x**3 + 5*x**3 - 7 - 3*x - 13*x**2 - 6*x**3 + 32*x**3. Determine t(-6).
-25
Suppose 0 = -j + 2*x + 5, -3*x - 3 = 19*j - 20*j. Let z(o) = -5*o + 35. Determine z(j).
-10
Let t(x) = 3*x**2 + 37*x - 59. Let n(d) = d**2 - 60*d - 714. Let l be n(-10). Determine t(l).
11
Suppose 3*i = 2*t + 298, -i = t - 30 + 184. Let h = t - -156. Let s(b) = b**2 - 8*b - 3. Determine s(h).
-19
Let u(s) be the first derivative of -s**6/180 + 7*s**5/120 + 17*s**4/24 + 2*s**3/3 + 9*s**2/2 + 77. Let j(d) be the third derivative of u(d). What is j(5)?
2
Let p(z) = -18*z**3 - z + 1. Suppose -9 = -4*v + 5*j, 5*v - 1 = 49*j - 53*j. Calculate p(v).
-18
Let y(x) = 3*x + 3. Let n(d) = -26*d + 178. Let q be 56/7 - -5 - 6. Let o be n(q). Calculate y(o).
-9
Let d(o) = -3*o + 10. Let m(i) = 3249*i - 3248*i - 1 + 2. Let r(b) = -d(b) - 6*m(b). Determine r(-6).
2
Let s(f) = -3*f - 2. Suppose 323*z + 5 = 322*z. Determine s(z).
13
Let p(k) = 153*k**2 - 398*k**2 + 198*k**2 + 4 + 5*k. Give p(-1).
-48
Suppose -73*k = 148*k - 362 + 2130. Let b(w) = -10*w - 88. Give b(k).
-8
Let r(d) be the second derivative of d**4/6 + 7*d**3/2 - 3*d**2/2 + 2*d + 681. Calculate r(-10).
-13
Let b(k) = 3*k**2 - k + 12*k**2 + 6*k**2 - 34*k**2 + 14*k**2 - 77*k**3. What is b(1)?
-77
Let u(k) = -6*k**2 + 1. Let z(r) = -10*r - 21. Let j be -6 - (4/(-6) - (-20)/(-6)). Let c be z(j). Determine u(c).
-5
Let g(i) be the second derivative of i**5/20 + 7*i**4/6 - i**3/6 - 11*i**2 - 8377*i. Determine g(-14).
-8
Let j(d) = -2*d**2 - 247*d + 59*d - 25 + 217*d. What is j(14)?
-11
Let m = -126 + 120. Let k(o) = o + 9. Let l(y) = 3. Let a(v) = -k(v) + l(v). What is a(m)?
0
Let i(r) = -4*r - 5. Let p be 2 + (45 - -4) + 3. Let s = p + -66. Let g(b) = b**2 + 13*b + 8. Let u be g(s). Give i(u).
11
Let l(c) be the second derivative of 36*c + 2 - 1/6*c**3 - 9/2*c**2. Determine l(-3).
-6
Let u(o) = 2*o**2 + 61*o + 122. Let h be u(-30). Let g be 80/(-35) - 2/(-7). Let c be h/(-32) + 1 + g/16. Let x(t) = -2*t**3 - 2*t - 2. Calculate x(c).
18
Let s = -982 + 501. Let p = -473 - s. Let n(h) = 1. Let z(d) = -d + 1. Let r(b) = 3*n(b) + z(b). Determine r(p).
-4
Let b(s) = 13*s**3 - 3*s**2 + 2. Let p(r) = 9*r**3 - 4*r**2 + r + 1. Suppose -3*t + 1 = 5*x, 5*x + 4 - 2 = -4*t. Let q(l) = x*b(l) - 3*p(l). Give q(5).
11
Let b = 21 - 18. Let s(d) = -3*d + 2*d + 0*d + 6 - b. Give s(12).
-9
Let d(i) be the first derivative of -i**4/4 + 4*i**3/3 - 19*i**2/2 + 53*i - 12058. Give d(3).
5
Let q(f) = 8*f**2 - 180*f + 29. Let o(h) = -2*h**2 + 56*h - 9. Let c(u) = -14*o(u) - 4*q(u). Give c(-16).
10
Let k(h) be the second derivative of -h**5/10 + 2*h**4/3 + 2*h**3 - 9*h**2/2 + 2*h + 554. Calculate k(5).
1
Let g(x) = 9*x**2 - 6*x - 7. Let v(t) = -29*t**2 + 18*t + 17. Let y(a) = -13*g(a) - 4*v(a). Determine y(11).
-32
Let v be 3*2/(-3) + -5. Let g(u) be the first derivative of -82 + 1/2*u**2 + 8*u. Give g(v).
1
Let z(w) = -13*w + 28. Let b(a) = -11*a + 23. Let v(s) = -7*b(s) + 6*z(s). Calculate v(5).
2
Let s = -8231 + 8238. Let r(t) = 8*t - 10. Give r(s).
46
Let u(c) be the first derivative of 18*c - 6 + 1/20*c**5 - c**3 + 2*c**2 - 5/12*c**4. Let b(s) be the first derivative of u(s). Determine b(6).
4
Suppose v = -0*v - 1. Let t(w) be the first derivative of 69 + 4*w**4 + 0*w - 1/2*w**2 + 0*w**3. Give t(v).
-15
Let a(r) = -r**2 - 3*r + 3. Let y(w) = -4*w**3 - 13*w**2 + 153*w + 8. Let u be y(-8). Calculate a(u).
3
Let g(l) = l**2 + 66 + l + 15*l + 11*l - 11*l. Give g(-9).
3
Let q(x) = 3*x**2 + 3*x + 11. Let a be q(-4). Let d(c) = a*c - 141*c + 46*c - 4 + 47*c. Calculate d(2).
-6
Let r(i) be the first derivative of -i**4/4 - i**2 + 2*i - 25. Determine r(-3).
35
Suppose 3*x - 8*x = -5. Let j(s) = 31*s - 19*s + 11 - x - 13*s. Calculate j(6).
4
Suppose 3*y - 81 = z + 21, 5*z - 85 = -2*y. Let m(p) = p**3 - 35*p**2 + 3*p - 101. Calculate m(y).
4
Suppose -4*f + 4762 = 2*m, 0 = 5*f - 0*m + m - 5945. Let t(h) = -2374*h + 1189*h + f*h. Calculate t(-4).
-12
Let q = 7 - 9. Let y(k) = 158*k - 364*k - k**2 - 4 + 203*k. Determine y(q).
-2
Let r(o) = -o + 10. Suppose -2*w - 154 + 56 = 0. Let v = 588 + -530. Let t = v + w. Determine r(t).
1
Let u(k) = k - 2. Let g be 269/7 + (-96)/(-168). Suppose g = 10*j + 19. What is u(j)?
0
Let r(b) = 5*b - 1. Let s = 600 - 624. Let h be 30/s - (-30)/(-40). Give r(h).
-11
Let l(n) be the first derivative of 19*n**2/2 - 1017*n - 15801. Give l(54).
9
Let y(l) = l**3 + 15*l**2 - 35*l - 21. Suppose -104*q - 265 = -82*q + 109. Give y(q).
-4
Suppose 56 = p - 65. Let z(o) = -67*o - 57*o - 3 + p*o. What is z(4)?
-15
Let o(w) = -3*w + 2. Let z(m) = -5*m + 3. Let p(r) = -7*o(r) + 4*z(r). Suppose 2*y + 2*l = 135 - 139, 0 = 2*y - 4*l + 10. Give p(y).
-5
Let u(l) = 134*l + 10. Let v(y) = 249*y +